{"id":177,"date":"2024-02-23T10:10:00","date_gmt":"2024-02-23T09:10:00","guid":{"rendered":"https:\/\/kfk.pttk.pl\/?page_id=177"},"modified":"2024-02-23T11:02:48","modified_gmt":"2024-02-23T10:02:48","slug":"regulamin-komisji-fotografii-krajoznawczej-zg-pttk","status":"publish","type":"page","link":"https:\/\/kfk.pttk.pl\/?page_id=177","title":{"rendered":"Regulamin Komisji Fotografii Krajoznawczej ZG PTTK"},"content":{"rendered":"\n<p><\/p>\n\n\n\n<p class=\"has-text-align-center\">Rozdzia\u0142 I<br>Postanowienia og\u00f3lne<a><br><br><\/a><\/p>\n\n\n\n<p class=\"has-text-align-center\">\u00a7 1<\/p>\n\n\n\n<p>Regulamin okre\u015bla zakres i tryb dzia\u0142ania oraz organizacj\u0119 i zasady tworzenia Komisji Fotografii Krajoznawczej Zarz\u0105du G\u0142\u00f3wnego PTTK (zwanej dalej Komisj\u0105).<\/p>\n\n\n\n<p class=\"has-text-align-center\">Rozdzia\u0142 II<br>Zadania, tryb i zakres dzia\u0142ania<a><br><br><\/a><strong><\/strong><\/p>\n\n\n\n<p class=\"has-text-align-center\">\u00a7 2<\/p>\n\n\n\n<ol class=\"wp-block-list\">\n<li>Komisja jest fachowym organem doradczym Zarz\u0105du G\u0142\u00f3wnego PTTK. Do zakresu dzia\u0142ania Komisji nale\u017c\u0105 zagadnienia zwi\u0105zane z realizacj\u0105 cel\u00f3w i zada\u0144 PTTK z zakresu upowszechniania fotografii krajoznawczej, archiwizowanie krajoznawstwa poprzez fotografi\u0119, kszta\u0142towanie polityki i koordynacja dzia\u0142alno\u015bci k\u00f3\u0142 i klub\u00f3w fotografii krajoznawczej oraz oddzia\u0142owych i regionalnych komisji fotografii krajoznawczej.<\/li>\n\n\n\n<li>Komisja mo\u017ce wyst\u0119powa\u0107 w imieniu Zarz\u0105du G\u0142\u00f3wnego PTTK do w\u0142a\u015bciwych w\u0142adz po uzyskaniu upowa\u017cnienia Prezydium Zarz\u0105du G\u0142\u00f3wnego PTTK.<\/li>\n\n\n\n<li>Komisja sporz\u0105dza plan pracy na okres kadencji ujmuj\u0105c w nim zadania do realizacji. Plan pracy podlega zatwierdzeniu przez Zarz\u0105d G\u0142\u00f3wny PTTK.<\/li>\n\n\n\n<li>Komisja nie rzadziej ni\u017c raz w roku, informuje Zarz\u0105d G\u0142\u00f3wny PTTK o realizacji planu.<\/li>\n<\/ol>\n\n\n\n<p class=\"has-text-align-center\">\u00a7 3<\/p>\n\n\n\n<p>Do zada\u0144 Komisji nale\u017cy realizacja uchwa\u0142 Walnego Zjazdu PTTK, Zarz\u0105du G\u0142\u00f3wnego PTTK<br>i Krajowej Konferencji Fotografii Krajoznawczej, w szczeg\u00f3lno\u015bci<strong> <\/strong>:<\/p>\n\n\n\n<ol class=\"wp-block-list\">\n<li>tworzenie dokumentacji fotograficznej w postaci kroniki na podstawie aktualno\u015bci PTTK<strong>,<\/strong><\/li>\n\n\n\n<li>akcentowanie znaczenia fotografii krajoznawczej jako:<\/li>\n\n\n\n<li>materia\u0142u przydatnego dla wszystkich ogniw PTTK,<\/li>\n\n\n\n<li>materia\u0142u wykorzystywanego dla cel\u00f3w ilustracyjnych w wydawnictwach<br>i popularyzacji, r\u00f3wnie\u017c internetowej,<\/li>\n\n\n\n<li>materia\u0142u pomocnego w szkoleniach, \u017ar\u00f3d\u0142ach bada\u0144 i opracowa\u0144 historycznych,<\/li>\n\n\n\n<li>po\u017cytecznego zaj\u0119cia uczestnik\u00f3w imprez turystycznych, kszta\u0142c\u0105cego<br>w zagadnieniach nie tylko czysto techniczo-dokumentacyjnych, ale tak\u017ce<br>w zakresie historii kultury i estetyki;<\/li>\n\n\n\n<li>dokumentowanie wszelkich stan\u00f3w i wydarze\u0144 obejmuj\u0105cych turystyk\u0119<br>i krajoznawstwo;<\/li>\n\n\n\n<li>popularyzowanie fotografii krajoznawczej i jej roli przez inicjowanie i organizowanie plener\u00f3w, wystaw i konkurs\u00f3w fotograficznych i wydawnictw;<\/li>\n\n\n\n<li>zach\u0119canie do uprawiania fotografii krajoznawczej poprzez propagowanie zdobywania Odznaki Fotografii Krajoznawczej (dalej OFK);<\/li>\n\n\n\n<li>wsp\u00f3\u0142organizowanie r\u00f3\u017cnych form szkolenia dla pozyskania i poszerzenia szereg\u00f3w kadry posiadaj\u0105cej niezb\u0119dny poziom wiedzy;<\/li>\n\n\n\n<li>wsparcie merytoryczne funkcjonowania Centrum Fotografii Krajoznawczej PTTK (dalej CFK PTTK) oraz wsp\u00f3\u0142dzia\u0142anie z CFK PTTK w zakresie wykonania zada\u0144 Komisji ;<\/li>\n\n\n\n<li>d\u0105\u017cenie do ochrony wszelkich dokument\u00f3w (fotografie, publikacje itp.) zwi\u0105zanych<\/li>\n<\/ol>\n\n\n\n<p>z fotografi\u0105 krajoznawcz\u0105, oraz do pozyskiwania ich do zbior\u00f3w CFK PTTK;<\/p>\n\n\n\n<ul class=\"wp-block-list\">\n<li>szkolenie, zgodnie z obowi\u0105zuj\u0105cymi w PTTK programami, instruktor\u00f3w fotografii PTTK, egzaminowanie i nadawanie w imieniu Zarz\u0105du G\u0142\u00f3wnego PTTK uprawnie\u0144 oraz prowadzenie ich ewidencji;<\/li>\n\n\n\n<li>upowszechnianie zdobywania OFK, przygotowywanie nowelizacji jej regulaminu, organizowanie sieci terenowych zespo\u0142\u00f3w weryfikacyjnych i prowadzenie g\u0142\u00f3wnego referatu weryfikacyjnego dla wy\u017cszych stopni OFK;<\/li>\n\n\n\n<li>inspirowanie i prowadzenie bada\u0144 i studi\u00f3w, organizowanie seminari\u00f3w i konferencji na tematy zwi\u0105zane z problematyk\u0105 fotografii krajoznawczej;<\/li>\n\n\n\n<li>opracowywanie i wydawanie materia\u0142\u00f3w szkoleniowych, informacyjnych<br>i popularyzatorskich;<\/li>\n\n\n\n<li>utrzymywanie kontakt\u00f3w z pokrewnymi organizacjami i instytucjami krajowymi, zagranicznymi i&nbsp;mi\u0119dzynarodowymi oraz reprezentowanie w nich PTTK, zgodnie<br>z upowa\u017cnieniem Prezydium ZG PTTK;<\/li>\n\n\n\n<li>wsp\u00f3\u0142organizowanie centralnych (og\u00f3lnopolskich) imprez turystycznych<br>i krajoznawczych (jak&nbsp;Forum Fotografii Krajoznawczej, spotkania klub\u00f3w i komisji fotograficznych PTTK, plenery szkoleniowe, wystawy i konkursy itp.);<\/li>\n\n\n\n<li>wykonywanie innych zada\u0144 wynikaj\u0105cych ze specyfiki dzia\u0142a\u0144 Komisji.<\/li>\n<\/ul>\n\n\n\n<p class=\"has-text-align-center\">\u00a7 4<\/p>\n\n\n\n<p>1. Komisja, doceniaj\u0105c rozw\u00f3j kadry zainteresowanej fotografi\u0105 krajoznawcz\u0105, mo\u017ce przyznawa\u0107 nast\u0119puj\u0105ce wyr\u00f3\u017cnienia Komisji za osi\u0105gni\u0119cia w zakresie fotografii krajoznawczej:<\/p>\n\n\n\n<ol class=\"wp-block-list\">\n<li>List Gratulacyjny Komisji Fotografii Krajoznawczej Zarz\u0105du G\u0142\u00f3wnego PTTK<strong>.<\/strong><\/li>\n\n\n\n<li>Dyplom Honorowy&nbsp; Komisji Fotografii Krajoznawczej Zarz\u0105du G\u0142\u00f3wnego PTTK, za znacz\u0105ce osi\u0105gni\u0119cia w dziedzinie tw\u00f3rczo\u015bci fotograficznej o tematyce krajoznawczej.<\/li>\n\n\n\n<li>Dyplom \u201eZas\u0142u\u017cony dla Fotografii PTTK\u201d, za wybitne zas\u0142ugi dla rozwoju fotografii PTTK w Polsce.<\/li>\n\n\n\n<li>Nagroda Honorowa im. Fryderyka Kremsera.<\/li>\n<\/ol>\n\n\n\n<p>2. Komisja okre\u015bla kryteria i zasady przyznawania wyr\u00f3\u017cnie\u0144, o kt\u00f3rych mowa w ust. 1 punkty od 1) do 4)<strong> <\/strong>podejmuj\u0105c w tej sprawie odpowiednie uchwa\u0142y.<\/p>\n\n\n\n<p>\u00a7 5<\/p>\n\n\n\n<ol class=\"wp-block-list\">\n<li>Komisja mo\u017ce realizowa\u0107 swoje zadania we wsp\u00f3\u0142pracy z innymi organami fachowymi i jednostkami PTTK, kt\u00f3rych przedstawiciele, w zale\u017cno\u015bci od potrzeb, mog\u0105 uczestniczy\u0107<br>w jej posiedzeniach z g\u0142osem doradczym.<\/li>\n\n\n\n<li>W przypadku gdy dzia\u0142alno\u015b\u0107 Komisji wchodzi w zakres dzia\u0142ania innego organu fachowego Zarz\u0105du G\u0142\u00f3wnego PTTK, dzia\u0142ania powinny by\u0107 uzgodnione mi\u0119dzy nimi. Przypadki sporne rozstrzyga Zarz\u0105d G\u0142\u00f3wny PTTK.<\/li>\n<\/ol>\n\n\n\n<p class=\"has-text-align-center\">Rozdzia\u0142 III<br>Zasady tworzenia<br><br><\/p>\n\n\n\n<p class=\"has-text-align-center\">\u00a7 6<\/p>\n\n\n\n<ol class=\"wp-block-list\">\n<li>Komisja wybierana jest w g\u0142osowaniu tajnym podczas Krajowej Konferencji Fotografii Krajoznawczej (dalej Konferencja), w liczbie od 5 do 9 cz\u0142onk\u00f3w. Komisja wybierana jest na okres kadencji Zarz\u0105du G\u0142\u00f3wnego PTTK. Kadencja Komisji obejmuje okres mi\u0119dzy konferencjami. Do&nbsp;wybor\u00f3w Komisji maj\u0105 zastosowanie zasady okre\u015blone w Ordynacji Wyborczej PTTK.<\/li>\n\n\n\n<li>Konferencj\u0119 zwo\u0142uje Komisja w ci\u0105gu 3 miesi\u0119cy po Walnym Zje\u017adzie PTTK, przy czym zawiadomienia wysy\u0142ane s\u0105 co najmniej na miesi\u0105c przed terminem Konferencji, kt\u00f3ra powinna odby\u0107 si\u0119 nie p\u00f3\u017aniej ni\u017c w ci\u0105gu 6 miesi\u0119cy po Walnym Zje\u017adzie PTTK.<\/li>\n\n\n\n<li>W Konferencji uczestnicz\u0105 z g\u0142osem decyduj\u0105cym delegaci wybrani w liczbie i na zasadach okre\u015blonych w regulaminie Konferencji, uchwalonym przez Komisj\u0119 i zatwierdzonym przez Zarz\u0105d G\u0142\u00f3wny PTTK. Z g\u0142osem doradczym w Konferencji uczestnicz\u0105 cz\u0142onkowie ust\u0119puj\u0105cej Komisji, przedstawiciele jednostek regionalnych PTTK, przedstawiciele w\u0142adz naczelnych PTTK i zaproszeni go\u015bcie.<\/li>\n\n\n\n<li>Sk\u0142ad Komisji oraz zmiany w nim nast\u0119puj\u0105ce w trakcie trwania kadencji podlegaj\u0105 zatwierdzeniu przez Zarz\u0105d G\u0142\u00f3wny PTTK.<\/li>\n<\/ol>\n\n\n\n<p class=\"has-text-align-center\">\u00a7 7<\/p>\n\n\n\n<ol class=\"wp-block-list\">\n<li>Konferencja dokonuje oceny dzia\u0142alno\u015bci Komisji oraz ustala wytyczne dla jej dzia\u0142alno\u015bci w nowej kadencji.<\/li>\n\n\n\n<li>Uchwa\u0142y Konferencji zapadaj\u0105 zwyk\u0142\u0105 wi\u0119kszo\u015bci\u0105 g\u0142os\u00f3w przy obecno\u015bci co najmniej po\u0142owy zg\u0142oszonych delegat\u00f3w.<\/li>\n\n\n\n<li>Uchwa\u0142y Konferencji podawane s\u0105 do wiadomo\u015bci Zarz\u0105du G\u0142\u00f3wnego PTTK.<\/li>\n<\/ol>\n\n\n\n<p class=\"has-text-align-center\">\u00a7 8<\/p>\n\n\n\n<p>Opr\u00f3cz Konferencji, Komisja mo\u017ce organizowa\u0107 roczne lub okresowe narady.<\/p>\n\n\n\n<p class=\"has-text-align-center\">Rozdzia\u0142 IV<br>Organizacja i tryb pracy komisji<br><br><a><\/a><\/p>\n\n\n\n<p class=\"has-text-align-center\">\u00a7 9<\/p>\n\n\n\n<ol class=\"wp-block-list\">\n<li>Komisja wybiera ze swego grona w g\u0142osowaniu tajnym przewodnicz\u0105cego, wiceprzewodnicz\u0105cych i sekretarza.<\/li>\n\n\n\n<li>Komisja mo\u017ce wnioskowa\u0107 do Zarz\u0105du G\u0142\u00f3wnego PTTK o zawieszenie lub odwo\u0142anie cz\u0142onka Komisji w zwi\u0105zku z nie uczestniczeniem w jej pracach.<\/li>\n\n\n\n<li>Komisja ma prawo dokooptowa\u0107 w g\u0142osowaniu tajnym nowych cz\u0142onk\u00f3w na zwolnione w okresie kadencji miejsca w liczbie nie przekraczaj\u0105cej 1\/3 sk\u0142adu pochodz\u0105cego z wyboru.<\/li>\n\n\n\n<li>Wsp\u00f3\u0142pracownikiem Komisji, uczestnicz\u0105cym w jej<strong> <\/strong>posiedzeniach z g\u0142osem doradczym jest<strong> <\/strong>dyrektor CFK PTTK. Dyrektor CFK PTTK ma prawo delegowa\u0107 pracownika CFK na dane posiedzenie Komisji.<\/li>\n<\/ol>\n\n\n\n<p class=\"has-text-align-center\">\u00a7 10<\/p>\n\n\n\n<p>Komisja dzia\u0142a bezpo\u015brednio lub przez powo\u0142ane przez siebie podkomisje lub zespo\u0142y robocze. Ich&nbsp;cz\u0142onkami mog\u0105 by\u0107 tak\u017ce osoby spoza Komisji.<\/p>\n\n\n\n<p class=\"has-text-align-center\">\u00a7 11<\/p>\n\n\n\n<ol class=\"wp-block-list\">\n<li>Posiedzenia Komisji zwo\u0142ywane s\u0105 przez przewodnicz\u0105cego Komisji, lub dzia\u0142aj\u0105cego w jego zast\u0119pstwie wiceprzewodnicz\u0105cego, w miar\u0119 potrzeb wynikaj\u0105cych z zada\u0144 Komisji<br>i specyfiki dzia\u0142ania, nie rzadziej jednak ni\u017c dwa razy w roku. O terminie i porz\u0105dku obrad zebrania nale\u017cy powiadomi\u0107 Zarz\u0105d G\u0142\u00f3wny PTTK oraz opiekun\u00f3w Komisji z ramienia w\u0142adz naczelnych PTTK, o ile tacy zostan\u0105 wyznaczeni, kt\u00f3rzy w miar\u0119 mo\u017cliwo\u015bci uczestnicz\u0105<br>w posiedzeniach Komisji.<\/li>\n\n\n\n<li>Prawo zwo\u0142ywania posiedze\u0144 Komisji przys\u0142uguje tak\u017ce Zarz\u0105dowi G\u0142\u00f3wnemu PTTK.<\/li>\n\n\n\n<li>Uchwa\u0142y Komisji i zespo\u0142\u00f3w zapadaj\u0105 zwyk\u0142\u0105 wi\u0119kszo\u015bci\u0105 g\u0142os\u00f3w przy obecno\u015bci co najmniej po\u0142owy cz\u0142onk\u00f3w. Uchwa\u0142y Komisji s\u0105 przekazywane Zarz\u0105dowi G\u0142\u00f3wnemu PTTK.<\/li>\n\n\n\n<li>Posiedzenia Komisji s\u0105 protoko\u0142owane, za\u015b dokumentacja jej dzia\u0142alno\u015bci przechowywana jest w CFK PTTK w \u0141odzi, a kopie przekazywane do&nbsp;Biura Zarz\u0105du G\u0142\u00f3wnego PTTK.<\/li>\n\n\n\n<li>Obs\u0142ug\u0119 biurowo-administracyjn\u0105 Komisji zapewnia CFK&nbsp; PTTK.<\/li>\n<\/ol>\n\n\n\n<p class=\"has-text-align-center\">\u00a7 12<\/p>\n\n\n\n<ol class=\"wp-block-list\">\n<li>Komisja mo\u017ce stosowa\u0107 elektroniczn\u0105 form\u0119 podejmowania uchwa\u0142, okre\u015blaj\u0105c wymogi formalne takiego uzewn\u0119trznienia woli oraz zakres spraw podlegaj\u0105cych zatwierdzeniu w drodze g\u0142osowania elektronicznego w nast\u0119puj\u0105cy spos\u00f3b:<ol><li>G\u0142osowanie elektroniczne zarz\u0105dzane jest przez przewodnicz\u0105cego Komisji, lub dzia\u0142aj\u0105cego w jego zast\u0119pstwie wiceprzewodnicz\u0105cego w sprawach, w&nbsp;kt\u00f3rych podj\u0119cie decyzji jest uzasadnione bez konieczno\u015bci odbywania posiedzenia w spos\u00f3b tradycyjny, za\u015b zgromadzone dokumenty w spos\u00f3b jednoznaczny umo\u017cliwiaj\u0105 podj\u0119cie decyzji bez konieczno\u015bci dodatkowych uzupe\u0142nie\u0144 b\u0105d\u017a obja\u015bnie\u0144.<\/li><\/ol>\n<ol class=\"wp-block-list\">\n<li>G\u0142osowanie odbywa si\u0119 za po\u015brednictwem Internetu z wykorzystaniem poczty elektronicznej lub&nbsp;odpowiedniej aplikacji.<\/li>\n<\/ol>\n<\/li>\n<\/ol>\n\n\n\n<p>2.&nbsp; Zarz\u0105dzaj\u0105cy g\u0142osowanie okre\u015bla czas jego<strong> <\/strong>trwania i spos\u00f3b oddania g\u0142osu (mail lub oddanie g\u0142osu za po\u015brednictwem odpowiedniej aplikacji). Po zako\u0144czeniu g\u0142osowania sporz\u0105dzany jest protok\u00f3\u0142 z jego przebiegu za\u015b podj\u0119tym uchwa\u0142om nadawana jest odpowiednia numeracja.<\/p>\n\n\n\n<p class=\"has-text-align-center\">\u00a7 13<\/p>\n\n\n\n<ol class=\"wp-block-list\">\n<li>Prezydium Zarz\u0105du G\u0142\u00f3wnego PTTK przys\u0142uguje prawo:<\/li>\n<\/ol>\n\n\n\n<p>1) zawieszenia uchwa\u0142 Komisji, je\u017celi s\u0105 sprzeczne z&nbsp;przepisami prawa, Statutem PTTK, Regulaminem Komisji lub interesami PTTK;<\/p>\n\n\n\n<p>2) zawieszania cz\u0142onka Komisji, je\u017celi jego dzia\u0142alno\u015b\u0107 jest sprzeczna z przepisami prawa, Statutem PTTK, Regulaminem Komisji lub interesami PTTK;<\/p>\n\n\n\n<p>3) zawieszania Komisji, je\u017celi jej dzia\u0142alno\u015b\u0107 jest sprzeczna z przepisami prawa, Statutem PTTK, Regulaminem Komisji lub interesami PTTK.<\/p>\n\n\n\n<ul class=\"wp-block-list\">\n<li>Zarz\u0105dowi G\u0142\u00f3wnemu PTTK przys\u0142uguje prawo:<\/li>\n<\/ul>\n\n\n\n<p>1) uchylenia uchwa\u0142 Komisji, je\u017celi s\u0105 sprzeczne z przepisami prawa, Statutem PTTK,&nbsp;&nbsp;&nbsp;&nbsp;&nbsp; Regulaminem Komisji lub interesami PTTK;<\/p>\n\n\n\n<p>2) odwo\u0142ania cz\u0142onka Komisji, je\u017celi jego dzia\u0142alno\u015b\u0107 jest sprzeczna z przepisami prawa, Statutem PTTK, Regulaminem Komisji lub interesami PTTK;<\/p>\n\n\n\n<p>3) odwo\u0142ania Komisji, je\u017celi&nbsp;jej&nbsp;dzia\u0142alno\u015b\u0107 jest sprzeczna z przepisami prawa, Statutem PTTK, Regulaminem Komisji lub interesami PTTK. W&nbsp;przypadku odwo\u0142ania Komisji, Zarz\u0105d G\u0142\u00f3wny PTTK zwo\u0142uje w ci\u0105gu trzech miesi\u0119cy Konferencj\u0119 w celu wyboru nowej Komisji.<\/p>\n\n\n\n<p class=\"has-text-align-center\">\u00a7 14<\/p>\n\n\n\n<p>Komisja dzia\u0142a w oparciu o \u015brodki finansowe bud\u017cetu PTTK, za po\u015brednictwem Zarz\u0105du G\u0142\u00f3wnego&nbsp;PTTK mo\u017ce korzysta\u0107 ze \u015brodk\u00f3w przyznanych na zadania zlecone, darowizn, \u015brodk\u00f3w UE i&nbsp;innych.<\/p>\n\n\n\n<p class=\"has-text-align-center\">\u00a7 15<\/p>\n\n\n\n<p>Komisja u\u017cywa pod\u0142u\u017cnej piecz\u0119ci firmowej o tre\u015bci:<\/p>\n\n\n\n<p>&nbsp;Polskie Towarzystwo Turystyczno- Krajoznawcze. Zarz\u0105d G\u0142\u00f3wny. Komisja Fotografii Krajoznawczej, adres i telefony oraz piecz\u0119ci okr\u0105g\u0142ej z logo Komisji o tre\u015bci: Komisja Fotografii Krajoznawczej ZG PTTK \u2013 do przed\u0142u\u017cania legitymacji instruktorskich i do dyplom\u00f3w Komisji.<\/p>\n\n\n\n<p class=\"has-text-align-center\">\u00a7 16<\/p>\n\n\n\n<ol class=\"wp-block-list\">\n<li>Interpretacja Regulaminu nale\u017cy do Zarz\u0105du G\u0142\u00f3wnego PTTK.<\/li>\n\n\n\n<li>W sprawach nieuregulowanych w<strong> <\/strong>Regulaminie zastosowanie maj\u0105 przepisy prawa, Statutu PTTK i&nbsp;Regulaminu Zarz\u0105du G\u0142\u00f3wnego PTTK.<\/li>\n<\/ol>\n\n\n\n<p class=\"has-text-align-center\">\u00a7 17<\/p>\n\n\n\n<ol class=\"wp-block-list\">\n<li>Regulamin uchwalony zosta\u0142 przez Komisj\u0119 w dniu 25 pa\u017adziernika 2023 roku.<\/li>\n\n\n\n<li>Regulamin, zatwierdzony uchwa\u0142\u0105 Zarz\u0105du G\u0142\u00f3wnego PTTK nr 90\/XX\/2024 z dnia 2&nbsp;stycznia 2024 roku, obowi\u0105zuje od dnia jej podj\u0119cia.<\/li>\n<\/ol>\n\n\n\n<p><\/p>\n\n\n\n<p><\/p>\n\n\n\n<p><\/p>\n","protected":false},"excerpt":{"rendered":"<p>Rozdzia\u0142 IPostanowienia og\u00f3lne \u00a7 1 Regulamin okre\u015bla zakres i tryb dzia\u0142ania oraz organizacj\u0119 i zasady tworzenia Komisji Fotografii Krajoznawczej Zarz\u0105du G\u0142\u00f3wnego PTTK (zwanej dalej Komisj\u0105). Rozdzia\u0142 IIZadania, tryb i zakres dzia\u0142ania \u00a7 2 \u00a7 3 Do zada\u0144 Komisji nale\u017cy realizacja uchwa\u0142 Walnego Zjazdu PTTK, Zarz\u0105du G\u0142\u00f3wnego PTTKi Krajowej Konferencji Fotografii Krajoznawczej, w szczeg\u00f3lno\u015bci : z [&hellip;]<\/p>\n","protected":false},"author":1,"featured_media":0,"parent":207,"menu_order":1,"comment_status":"closed","ping_status":"closed","template":"","meta":{"footnotes":""},"class_list":["post-177","page","type-page","status-publish","hentry"],"_links":{"self":[{"href":"https:\/\/kfk.pttk.pl\/index.php?rest_route=\/wp\/v2\/pages\/177","targetHints":{"allow":["GET"]}}],"collection":[{"href":"https:\/\/kfk.pttk.pl\/index.php?rest_route=\/wp\/v2\/pages"}],"about":[{"href":"https:\/\/kfk.pttk.pl\/index.php?rest_route=\/wp\/v2\/types\/page"}],"author":[{"embeddable":true,"href":"https:\/\/kfk.pttk.pl\/index.php?rest_route=\/wp\/v2\/users\/1"}],"replies":[{"embeddable":true,"href":"https:\/\/kfk.pttk.pl\/index.php?rest_route=%2Fwp%2Fv2%2Fcomments&post=177"}],"version-history":[{"count":3,"href":"https:\/\/kfk.pttk.pl\/index.php?rest_route=\/wp\/v2\/pages\/177\/revisions"}],"predecessor-version":[{"id":187,"href":"https:\/\/kfk.pttk.pl\/index.php?rest_route=\/wp\/v2\/pages\/177\/revisions\/187"}],"up":[{"embeddable":true,"href":"https:\/\/kfk.pttk.pl\/index.php?rest_route=\/wp\/v2\/pages\/207"}],"wp:attachment":[{"href":"https:\/\/kfk.pttk.pl\/index.php?rest_route=%2Fwp%2Fv2%2Fmedia&parent=177"}],"curies":[{"name":"wp","href":"https:\/\/api.w.org\/{rel}","templated":true}]}}